-3*c - 3*c**2 + 2*c**2 + c - 5*c**3 - 3 + 2. Let o be q(-1). Calculate l(o).
-6
Let v(u) = 2*u + 50. Let m(o) = -9*o - 151. Let n(i) = -2*m(i) - 14*v(i). Give n(-40).
2
Suppose -205*h + 392 = -175 - 48. Let v(c) be the third derivative of 0 - h*c**2 + c**3 + 1/15*c**5 + 0*c + 1/120*c**6 + 1/8*c**4. Give v(-4).
-6
Let k(s) = 4*s**2 - 20*s - 13. Let z(f) = -3*f**2 - 27*f + 25. Let x(v) = v**2 + 10*v - 9. Let q(d) = -11*x(d) - 4*z(d). Let r(u) = k(u) - 5*q(u). Give r(-7).
13
Let z = -14964 + 14961. Let h(u) = -3*u**2 - 6*u + 2. Let a(t) = -7*t**2 - 13*t + 5. Let r(q) = 4*a(q) - 9*h(q). What is r(z)?
-13
Let i be (8 - (18 - 4)) + 8/(-4) + 10. Let p(x) be the second derivative of -x**i + 17*x + 0 + 1/6*x**3. What is p(2)?
0
Let d(j) be the second derivative of j**5/20 + 5*j**4/12 + j**3/6 + 3*j**2/2 - 109*j. Let r = 66 + -70. Determine d(r).
15
Let t(f) = -f**2 - 2*f. Let y = 79 - 83. Let z(v) = 14*v**2 - 3*v - 12. Let s(l) = 5*l**2 - l - 4. Let r(p) = y*z(p) + 11*s(p). Let x be r(2). Calculate t(x).
-8
Let w(v) = -v**2 + 3*v - 3. Let s = -37 - -37. Let n be (-3 - (-1 + s)) + 0 + 4. Suppose j + 2*k - n = -3, -3*k = -2*j + 12. Give w(j).
-3
Let y = -11418 + 11411. Let r(m) = 9*m - 2. What is r(y)?
-65
Let q(n) be the second derivative of n**3/6 - n**2/2 - 286*n. Suppose 4 = -38*l + 39*l. Give q(l).
3
Let s(r) = -2*r**2 - 312*r - 616. Let v be s(-154). Let h(a) = 2*a**3 + 44. Let m(y) = -y**3 - 22. Let t(n) = -3*h(n) - 5*m(n). Give t(v).
-22
Let w(g) = -145 - 89 + 38 - 404107*g + 11 + 404118*g. What is w(17)?
2
Let t(v) = -10*v**3 + 11*v**2 + 175*v + 7. Let y(i) = -47*i**3 + 55*i**2 + 877*i + 34. Let m(c) = 14*t(c) - 3*y(c). Calculate m(-9).
5
Suppose 5 = x + g, -4*g = -5*x - 0*g - 20. Let d(t) = 527 - 13*t**2 - 537 + t**3 - t + 12*t**2. Give d(x).
-10
Let f(c) = 182*c + 15 + 187*c - 371*c + 8 + 14 - c**2. Give f(-7).
2
Let n(h) = -4 - 3 - 1 + 10 + 4*h. Let w be (1 - -6)*19/((-532)/24). Let p be (0 - 2)*(w/(-4) + -1). Give n(p).
-2
Let l(v) be the second derivative of 3*v**5/20 - v**4/12 - v**3/6 + v**2 - 2*v + 61. Suppose -4*d + 13 = 3*q + 15, -3*d - 3 = 3*q. What is l(d)?
3
Let t = -231 - -231. Suppose 1 = -2*d + 9. Let n(c) = -d - c + t*c + 6 - 2*c. Calculate n(2).
-4
Suppose -v = 240 - 242. Let k(s) = s + 6*s**3 - s**2 - v*s - 7*s**3 + 14. Suppose -6*u = -u. Calculate k(u).
14
Suppose 48*d + 23*d = 14*d + 399. Let n(h) = -h**3 + 7*h**2 - h + 13. Calculate n(d).
6
Suppose 0 = k + 4*n - 8, 2*n - 19 = -5*k + 3. Let o(m) = 2*m**3 - 44*m**2 + 42*m + 20. Let a be o(21). Let j(v) = -a*v + 44*v - 10*v + 1 - 12*v. Calculate j(k).
9
Let w(d) be the first derivative of 95*d**4/4 + d**2 + 2*d - 1823. Calculate w(-1).
-95
Let c = 31207 - 31220. Let o(r) = -6*r - 58. Give o(c).
20
Suppose 3*x - 7*x + 4*m = -4, 0 = 4*x + 5*m - 13. Let g(s) = -2*s + 15*s**2 - 6*s**2 + 28 - 32 - 6*s**x. What is g(2)?
4
Let u(j) = -122*j - 977. Let p be u(-8). Let m(b) = -4*b**2 - 5*b - 5. Calculate m(p).
-4
Let m(w) = 5*w + 1. Suppose -10 = 5*b, 0 = -n + 2*n - 2*b - 4. Let i(s) = s**3 + s - 4. Let z be i(n). Calculate m(z).
-19
Let j(g) = 13*g**2 - 189*g - 208. Let n(p) = 3*p**2 - 45*p - 52. Let k(b) = -2*j(b) + 9*n(b). Give k(29).
6
Let o be 7/(-14) + 46/(-4). Let j = -9 - o. Let t(n) = j*n**2 - 7*n**2 + 3*n**2 - 2 + 3*n. Calculate t(4).
-6
Let k(v) = -61*v - 14. Let a(w) = -22*w - 5. Let l be (-2 + 2)/(-3) + (-22)/2. Let q(f) = l*a(f) + 4*k(f). Calculate q(-1).
1
Let r(x) = 26*x**2 + 6*x - 19. Let n(w) = 24*w**2 + 5*w - 16. Let f(t) = -6*n(t) + 5*r(t). What is f(2)?
-55
Let o(t) be the first derivative of -t**3/3 - 4*t**2 - t + 14. Let c(q) = -q**2 + 8*q + 15. Let u be c(9). Suppose u*l = 4*l - 16. Determine o(l).
-1
Let u(a) = 109*a - 223. Let r = 8079 - 8077. What is u(r)?
-5
Let i be ((-7)/(-49))/((-12)/(-14)). Let j(t) be the second derivative of 0*t**4 - 1/2*t**2 - 1/20*t**5 + i*t**3 + 0 - 12*t. What is j(2)?
-7
Let w(n) = 25*n - 7. Let s(y) = -15*y - 1286. Let b be s(-86). What is w(b)?
93
Let l be (32/64)/(3/6). Let s(x) be the first derivative of 9*x**4/2 + x**2 - x + 4. Calculate s(l).
19
Let k(j) = -6*j - 4. Suppose 29 = 15*c + 74. Let v be 36/8*4/c. Let g be (v/6)/((-4)/(-12)). What is k(g)?
14
Suppose 10*n - 8*n - 4 = 0. Let t(p) = 3107 + 4*p - 5*p + p**n - 3111. Determine t(-6).
38
Let w(d) = 3*d**2 - 124*d + 36. Let o be w(41). Let n(l) = -2*l**2 + l + 4. Let v be n(0). Let g(m) = -v + 5*m + 4 - 3 - 4 + m**2. Determine g(o).
-7
Let o(g) = -2*g + 5. Suppose -3*i - 3*n + 30 = 0, 4*n = -4*i + 2*n + 30. Suppose 5*s = -5*j + 26 + 29, 5*j + i = 5*s. Calculate o(s).
-7
Let y = 27 + -13. Let d(h) = -11*h**2 - 45*h + 36. Let b(g) = 8*g**2 + 30*g - 24. Let n(a) = 7*b(a) + 5*d(a). Calculate n(y).
-2
Let p(c) = c**2 + 7*c - 8. Let u(y) = 25 + 2*y**2 + 11*y - 9*y - 5*y + 28*y. Let t be u(-11). Calculate p(t).
0
Let r(m) = -m**2 + 5*m + 8. Suppose -1 = -11*q - 12. Let a be q/((-3)/6) + 5. Determine r(a).
-6
Let m(x) = x - 13. Let i be m(19). Let k be (i/4)/(15/170). Suppose -l = -g - 3, 4*g - 8*l + 3*l + k = 0. Let f(v) = v**3 - 2*v**2 + 1. Calculate f(g).
1
Let o(b) = 9*b - 35*b + 12*b + 7*b + 8*b + 2. Let s(q) = -4*q**2 + 15*q + 8. Let y be s(4). Give o(y).
6
Let w be (-306)/(-10) - (4 + (-44)/10). Let d be 6/(1 + -3) + 41. Let s = d - w. Let m(u) = 3*u - 10. Determine m(s).
11
Let l be 12/(-18)*(0 + 3). Let d be (l/3)/(6/36). Let x(j) = j**2 - 78*j - 1. Let u(h) = 20*h + 1. Let p(m) = 4*u(m) + x(m). Give p(d).
11
Let y(p) be the third derivative of p**6/40 + p**5/60 + p**4/24 - 5*p**3/3 + 1034*p**2. What is y(-3)?
-85
Let u(l) = -l**3 - 12*l**2 + l + 27. Let s(r) = -2*r**3 - 25*r**2 + 2*r + 58. Let y(o) = 6*s(o) - 13*u(o). Determine y(-6).
3
Let m(b) be the second derivative of -b**5/60 + b**4/8 - b**3/3 - b**2 + 5*b. Let z(u) be the first derivative of m(u). Let t = -6181 + 6184. Determine z(t).
-2
Let c be ((-5)/4)/((-275)/(-55))*(-1 + 5). Let l(j) = 63*j**3 - j**2 + 2*j + 3. Calculate l(c).
-63
Suppose -102 + 182 = -5*c + 5*u, -4*c - 24 = u. Let l(q) = 25*q + 188. Determine l(c).
-12
Suppose -12*g = -10*g + 4. Let h be ((-3)/g)/((-7)/(-14)). Let y(b) = -9*b**3 + 22*b**h + 4*b**2 - 2*b + 2 - 12*b**3. What is y(-3)?
17
Suppose -10*q = 15*q - 125. Suppose 4 = -4*w, 6*w = q*r + 2*w - 19. Let u(x) = 2*x - 12. Calculate u(r).
-6
Let b(i) = 15*i - 11. Suppose -254*v - 6 + 6 = -10*v. Calculate b(v).
-11
Suppose 1031*b = 1017*b + 126. Let d(n) = 4*n - 23. Let s(t) = -t + 6. Let v(o) = -2*d(o) - 9*s(o). What is v(b)?
1
Let f(z) = -3*z - 3 + z**2 + 2*z**3 + 0*z**2 - 6*z**3 + 2. Suppose 28 + 1 = -25*a - 21. Determine f(a).
41
Let h(z) = -z**2 + 2*z - 1. Suppose 4*w + 8 = 8*w. Let g be w*(-1)/3 + 72/27. Calculate h(g).
-1
Let y(j) = j**3 + 5*j**2 + j + 4. Suppose 73*a - 78*a = 25. Give y(a).
-1
Let s = -2517 + 2512. Let j(n) = -n**2 - 18*n - 69. Calculate j(s).
-4
Let n = 275 + -275. Let g(o) = -o**3 + o**2 + o + 53. Determine g(n).
53
Let k(v) = -v - 17. Suppose -859 + 5806 = -291*a. What is k(a)?
0
Let k(s) = -13*s**2 - 49*s - 17. Let w(i) = -11*i**2 - 38*i - 16. Let v(l) = 5*k(l) - 6*w(l). Give v(16).
-5
Let h(t) = -t - 7. Let i be h(-4). Let q(d) = -162*d + 68. Let k(m) = 21*m - 9. Let u(w) = 15*k(w) + 2*q(w). Calculate u(i).
28
Suppose r = -z - 1, -r + 3*z - 7 = 6*z. Suppose 28 = -3*w + 3*f + r*f, 2*f - 6 = -4*w. Let u(b) = 7*b - 2*b - 3*b - 1. Calculate u(w).
-3
Let y(i) = -335*i**2 + 6 + 155*i**2 - 11*i + 183*i**2. Calculate y(4).
10
Let g(s) be the first derivative of 17 - 37/3*s**3 + 0*s + 0*s**2 - 1/40*s**5 + 1/6*s**4. Let w(v) be the third derivative of g(v). What is w(-3)?
13
Let t(o) = -26 - 42*o + 3*o**2 - 2*o**2 - 97 + 50*o. Give t(-16).
5
Let g be ((-15)/(105/4))/(6 - (-889)/(-147)). Let b(h) = h**2 - 23*h + 103. Give b(g).
-29
Let t(p) = p - 3 + 0*p + 2*p - p - p. What is t(-3)?
-6
Let l = -1200 + 1195. Let q(d) be the third derivative of -d**5/120 - 5*d**4/24 - d**3/2 + 6*d**2. Let m(y) be the first derivative of q(y). What is m(l)?
0
Let d(c) = -8*c**3 + 78*c**2 - 237*c - 54. Let f(g) = g**3 - 11*g**2 + 34*g + 7. Let a(y) = -2*d(y) - 15*f(y). Determine a(-12).
3
Let y(g) = -g**3 + 9*g - 1. Let p = -4035 + 4037. Determine y(p).
9
Let m(h) = -319*h + 3188. Let l be m(10). Let t(n) = n**3 + 3*n**2 - 5*n - 6. What is t(l)?
8
Let i(m) = -m + 14. Let p be i(12). Let 